= 0 - 1. Determine g(p).
12
Let m(s) = s**2 - 1. Let t(y) = -7*y**2 + y + 8. Let j be (2 - 1)/(0 - -1). Let n(r) = j*t(r) + 6*m(r). Let a(k) = -k + 7. Let g be a(7). Determine n(g).
2
Let s(m) be the first derivative of -m**3/3 - 7*m**2/2 + 4*m - 5. Determine s(-6).
10
Let b = -11 + 16. Let o(j) be the third derivative of -j**7/1680 + j**6/120 - j**5/60 - j**2. Let g(u) be the third derivative of o(u). Determine g(b).
-9
Suppose 5*p + 8 = -7. Let m be p*(2 - (-8)/(-6)). Let b be (-2)/4*(4 - m). Let w(o) = o + 2. Give w(b).
-1
Let t(f) = -13*f**2 + 3*f - 4 + 12*f**2 - 9*f. Let x = 3 - 9. What is t(x)?
-4
Let w(t) = 2*t - 1. Let k be (78/65)/((-2)/5). Determine w(k).
-7
Suppose 4*c = 2*c + 14. Let y = c + -9. Let j(q) = 3*q**2 + 3*q + 1. What is j(y)?
7
Let f(m) be the second derivative of m**4/12 + 6*m. What is f(4)?
16
Suppose h + 4*i - 28 = -3*h, -4*h - i = -16. Suppose 3*u - 11 = b - 0, 0 = h*b + u - 7. Let r(j) = j**2 - 2*j + 2 + b - 6. Calculate r(4).
5
Let y(l) = l**3 - 2*l**2 - 3*l - 1. Let i be y(3). Suppose 2*j = 4*n - 6, -2*j + 6*j + 12 = -3*n. Let g(x) = 0 - 2*x + 1 + x + n. Determine g(i).
2
Suppose -4*q - u - 3 = -4, 5*q = 2*u - 15. Let c(l) = -12*l + 21. Let x(i) = -3*i + 5. Let k(f) = -5*c(f) + 21*x(f). What is k(q)?
3
Suppose 2*a + a = -21. Let s(h) = -h**2 - 7*h - 4. What is s(a)?
-4
Let l be ((-104)/130)/(5/((-50)/12)). Let m(o) be the third derivative of 0 + 1/12*o**4 - 3*o**2 + 0*o + 1/120*o**6 + l*o**3 + 1/15*o**5. Calculate m(-4).
-4
Let n(f) = f**2 + f + 1. Let v(t) = -t**3 + 13*t**2 + 13*t + 17. Let s be v(14). Calculate n(s).
13
Let h(w) = 4*w - 9. Let t(g) = -2*g + 4. Let i(y) = -6*h(y) - 13*t(y). Let b be -2*1 - (-32)/1. Let p be 7/(-28) - b/8. Calculate i(p).
-6
Suppose 5 = -5*g - 0. Let b be 32/5 - (-8)/(-20). Let v(p) = 3 - b*p**3 - 1 + 2*p**2 - 1 + 2*p. Give v(g).
7
Let j(d) = -d**3 + 3*d**2 - d - 1. Let b be j(2). Suppose 3*a + b = -2. Let q(w) = 3*w**3 + w**2 - 1. Calculate q(a).
-3
Let m(q) = q**2 + 5*q - 8. Let w(r) = 6*r**2 + r - 1. Let t be w(1). Suppose 4*h = -5*p - 4, -3*p + 42 = h - t*h. Give m(h).
-2
Let m(d) = 2*d**3 - 3*d**2 + 2*d - 3. Let l be m(2). Let j(a) = 2*a**2 - 12*a - 7. Let h(p) = 3*p**2 - 18*p - 11. Let t(y) = 5*h(y) - 8*j(y). Give t(l).
6
Let j(f) be the first derivative of -f**2/2 - 7*f - 2. Let s be (14/14)/((-1)/6). Calculate j(s).
-1
Let k(j) be the third derivative of j**5/60 + 7*j**4/24 + 2*j**3/3 - 3*j**2. Suppose -f + 0 = -6. Let t be (-3)/f - 9/2. Calculate k(t).
-6
Suppose f + 75 = 6*f. Let z be (-18)/(-4) + f/10. Let x be (-3)/2*z/(-9). Let o(a) = -2*a**3 + 2*a**2 - a. Determine o(x).
-1
Let p(t) = -12*t**2 + t + 1. Suppose 0 = -5*v + b, -b - 4*b = -2*v + 23. Determine p(v).
-12
Suppose -4*u - 8 + 20 = 0. Suppose u*f + 3 = 0, -f + 2*f = 4*z - 25. Let n(k) = -k**2 + 8*k - 3. Give n(z).
9
Let k(c) = -3*c + 8. Let s = -34 + 41. Give k(s).
-13
Let m(a) = -2*a**3 + 2*a**2 + 2*a - 1. Suppose -4 = -9*x - 22. Give m(x).
19
Let o be -2 + 9*(-2)/(-3). Let r(c) = -c - 4. What is r(o)?
-8
Let z = -65 - -56. Let l(s) = -s**2 - 8*s + 11. What is l(z)?
2
Let z(r) be the third derivative of r**5/60 - r**4/6 - 5*r**3/6 + 3*r**2. Let q = 2 - -3. Suppose q = d - 0*d. Calculate z(d).
0
Let d(f) = 3*f - 5*f**2 + 2*f**2 + f**2 + 3 - f**3. Let j be d(-3). Let s(q) = 2*q - q**3 + j*q - 4 - 6*q. Calculate s(0).
-4
Let v = -20 + 20. Suppose -6*a + a + 15 = v. Let d(i) = i**3 - 2*i**2 - 5*i + 3. Calculate d(a).
-3
Let p(k) = 8*k + 2*k + 7*k - 13*k - k**2 - 4. What is p(3)?
-1
Suppose 3*h + 1 = -m, 5*h = 3*m - 4 - 7. Let t(c) = c + 0*c + 2 - c**3 - c**2 - 5*c + 6*c**m. Let l(n) = -n**3 + 2*n**2 + n + 2. Let r be l(2). Give t(r).
2
Let y(i) = -i**2 - i. Let g be y(0). Let o be 1 + (g - 7 - -1). Let p(b) = -b - 1. Let s(a) = -a**2 + 2*a + 11. Let q(c) = -5*p(c) - s(c). Give q(o).
4
Let w(p) = 3*p - 2. Let f(i) = -5*i + 5. Let h(j) = 2*f(j) + 5*w(j). Suppose -3 = 4*z - 7. Give h(z).
5
Let v = -128 + 133. Let h(r) = r - 9. Calculate h(v).
-4
Let f be -5 - -3*2/(-3). Let k(x) = -x. Determine k(f).
7
Suppose -5*u + 40 = -4*s, 2*u = -4*s - 5 - 7. Suppose -18 = u*n - 2. Let j(a) = 2*a + 5. Determine j(n).
-3
Suppose -3 = -3*h + 3*r - 4*r, 9 = 3*r. Let o be -2 - (1 - (3 + h)). Let n(b) = -b**2 + b - 2. Give n(o).
-2
Let k(v) be the first derivative of -v**3/3 + 3*v**2 - 4*v - 16. What is k(3)?
5
Let x(k) = -10*k + k**2 - 13*k + 5 + 36*k - 16*k. Determine x(5).
15
Let b(x) be the second derivative of 2*x + 5/6*x**3 - 3/2*x**2 + 5/12*x**4 + 1/20*x**5 + 0. What is b(-4)?
-7
Let t = -95/3 - -763/24. Let v(z) be the third derivative of 1/3*z**3 - 1/60*z**5 + 0 - 1/120*z**6 + t*z**4 - 3*z**2 + 0*z. Calculate v(-2).
0
Suppose 4*k - 26 = -10. Suppose 0*r - 5*r = 0. Suppose -k + r = y. Let l(n) = n**3 + 5*n**2 + 5*n - 2. Determine l(y).
-6
Let c(i) = -3*i. Suppose 3*g = -3*r - 6, -r - g - 4 = 2*r. Let m be 4*r - 4/4. Let a = 7 + m. Give c(a).
-6
Let u(a) = a**3 + 12*a**2 + 10. Let l be u(-12). Let p(s) = -s**3 + 11*s**2 - 12*s + 15. Determine p(l).
-5
Let u be ((-2)/5)/((-3)/30). Suppose -6 = s + j, 2*s + u = s + j. Let q(v) = v**3 + 6*v**2 + 4*v. Give q(s).
5
Suppose 4*o + b - 28 = -3*b, 4*o - 16 = -b. Suppose 5*l - 4 = o*l. Let q(j) = -l*j + 6*j - 6 + 0*j + j**2. Calculate q(-5).
-1
Let w(j) = -j**2 - 9*j. Let p be w(-9). Suppose -7 = 2*z - 3, -3*a + z + 29 = p. Let b(o) = -o + 0*o - a + 1. Determine b(0).
-8
Let y(r) = -2*r + 1. Suppose -4*f + i + 89 = 4*i, -5*i - 65 = -4*f. Suppose 0 = 4*s - 4*o + f, -8*o - 8 = 3*s - 4*o. Give y(s).
9
Let d be ((-6)/(-2))/(3/(-2)). Let c(f) = 3*f - 4 + 1 + 0*f - 4*f. What is c(d)?
-1
Let y(s) = s**3 - 1. Let r = 89 - 89. Give y(r).
-1
Suppose -2*n - 14 + 8 = 0. Let v(x) = -x**2 - 5*x - 2. Give v(n).
4
Suppose -5*x + g + 14 = 0, -5 + 23 = 5*x + 3*g. Let y(k) = 4*k + x*k - 6*k - 3. Determine y(3).
0
Suppose 0 = -5*v + 1 + 14. Let c(j) be the first derivative of -j**2/2 + 4*j - 3. Calculate c(v).
1
Let v(k) = k**2 + 5*k + 3. Suppose 4*i = i - 9. Determine v(i).
-3
Let a(c) = 2*c**2 + 3*c - 4. Suppose -15 = 2*l + 3*g, 5*l + 4 = -5*g - 26. Calculate a(l).
5
Let t(b) be the first derivative of -b**4/12 + 5*b**3/6 - 5*b**2/2 + b + 3. Let y(u) be the first derivative of t(u). Determine y(5).
-5
Let i(g) = g + 6. Suppose 5*x + 2*o + 46 = 0, 11 = x - 2*x - o. Let w be i(x). Let m(n) = -n**3 - 2*n**2 + 2*n + 2. Determine m(w).
-2
Let t(j) be the second derivative of j**4/12 - 3*j**2/2 - 10*j. Give t(0).
-3
Let p(r) = -r**2 - 3*r - 3. Let u be p(-2). Let s(o) = -8*o. Determine s(u).
8
Let g = -1 - -3. Suppose -4*p - g = -10. Let u(b) = p*b**2 - 5*b**2 - 3*b + 4*b**2 + 3 - 2*b**2. Calculate u(-4).
-1
Let o(f) be the second derivative of -5*f - 1/6*f**3 + 0 + 5/2*f**2. Let l be 2/(-3) + 4/6. Determine o(l).
5
Let q(j) = -7*j**2 - j. Let c be q(-1). Let r(s) = s**2 + 16*s + 2 - 10*s + 1. Give r(c).
3
Let s(i) be the third derivative of 0*i + 5/6*i**3 + 2*i**2 - 1/60*i**5 + 1/12*i**4 + 0. What is s(4)?
-3
Let t(w) = 4*w**3 + w**2. Let m be t(1). Let k(i) be the first derivative of i**3/3 - 3*i**2/2 - 2*i - 22. Give k(m).
8
Let g(j) = -4*j**3 + 4*j**2 + 2*j + 11. Let t(f) = -7*f**3 + 9*f**2 + 3*f + 21. Let y(b) = -5*g(b) + 3*t(b). Calculate y(7).
1
Suppose -2*k = -4*k + 14. Suppose 5*t - 27 = -k. Suppose 8 = 4*q - 0, 0 = u - t*q + 8. Let h(r) = r**3 + r**2 - r + 6. Determine h(u).
6
Let y(v) be the second derivative of v**3/6 + 3*v**2/2 - 2*v. Suppose 5*w = 5*i - 5, -i + 2*w + 1 = -5. Determine y(i).
-1
Let u be (-2)/(-7) + 2703/21. Let l be u/27 - 2/(-9). Let n(p) = p**3 + p**2. Let x(d) = 4*d**3 + d**2 + 2*d + 1. Let c(j) = l*n(j) - x(j). Determine c(-2).
11
Let o(i) = i**2 + 6*i + 3. Let p = -21 + 19. Calculate o(p).
-5
Suppose t - 32 = 5*t. Let q(j) be the first derivative of j**4/4 + 3*j**3 + 7*j**2/2 - 8*j - 7. What is q(t)?
0
Let l(u) = -5*u**3 + 3*u**2 - 15*u. Let c(q) = -2*q**3 + 2*q**2 - 7*q. Let h(t) = 7*c(t) - 3*l(t). What is h(-6)?
-12
Let z(m) be the first derivative of -m**4/4 - 5*m**3/3 - m**2/2 - 5*m - 4. What is z(-4)?
-17
Let q(y) = y**2 - 6*y + 2. Let u = -11 - -21. Let f = 16 - u. Determine q(f).
2
Let y(t) = -5*t - 1. Suppose 2*i + 5*h = -22, 15 = 3*i - 6*i - 3*h. Give y(i).
4
Let t(i) = 2*i + 9. Suppose -3*u - u = -24. Let l(c) = c**2 - 9*c. Let q be l(u). Let h be (-16)/12*q/